
855
Calculate the greatest common factor of 4471 and 31823.
263
Calculate the highest common factor of 57 and 96539.
19
Calculate the greatest common factor of 5270 and 25110.
310
Calculate the greatest common divisor of 9198 and 6862.
146
What is the highest common factor of 1384 and 24?
8
Calculate the greatest common divisor of 809 and 3075009.
809
Calculate the highest common divisor of 6318163 and 179.
179
What is the greatest common divisor of 1850 and 17260?
10
What is the greatest common divisor of 148467 and 66?
33
What is the greatest common divisor of 2636 and 315661?
659
What is the highest common factor of 398475 and 396?
99
Calculate the greatest common factor of 1368 and 9234.
342
Calculate the greatest common divisor of 372 and 348.
12
Calculate the greatest common factor of 13943 and 511.
73
Calculate the greatest common divisor of 31 and 22940.
31
Calculate the highest common factor of 3097 and 9943.
163
What is the highest common factor of 154524 and 1422?
474
Calculate the greatest common divisor of 3196 and 347565.
799
Calculate the greatest common divisor of 590 and 7230.
10
What is the greatest common factor of 45678 and 2208?
138
Calculate the greatest common divisor of 6111639 and 81.
27
Calculate the highest common factor of 155 and 44015.
5
Calculate the highest common factor of 10450 and 1605120.
2090
Calculate the greatest common factor of 2970 and 17985.
165
What is the highest common divisor of 25 and 235?
5
What is the highest common factor of 4824 and 34773?
201
Calculate the greatest common divisor of 201008 and 3808.
272
What is the highest common factor of 14014 and 1708?
14
What is the greatest common factor of 3885 and 255855?
555
What is the greatest common factor of 135 and 31428?
27
What is the highest common factor of 31476 and 305?
61
Calculate the highest common factor of 250 and 20900.
50
Calculate the greatest common factor of 201 and 1803506.
67
Calculate the highest common factor of 5681 and 4186.
299
What is the highest common divisor of 3510 and 12015?
135
What is the greatest common factor of 5124 and 1428?
84
What is the greatest common divisor of 1391 and 21058349?
1391
Calculate the highest common divisor of 10000 and 36.
4
What is the greatest common factor of 20 and 2895820?
20
Calculate the greatest common divisor of 6762193 and 563.
563
Calculate the greatest common factor of 2112 and 325056.
192
Calculate the highest common factor of 115497 and 1025.
41
What is the highest common factor of 58200 and 10440?
120
Calculate the greatest common divisor of 119529 and 18981.
513
What is the highest common divisor of 1752190 and 170?
170
What is the greatest common factor of 827563 and 1771?
253
Calculate the highest common factor of 3047067 and 9.
9
Calculate the greatest common factor of 368 and 323932.
92
Calculate the highest common divisor of 10 and 149230.
10
Calculate the highest common factor of 53382 and 229026.
1722
What is the greatest common factor of 1832634 and 452?
226
Calculate the highest common factor of 35 and 45925.
5
What is the highest common factor of 11210 and 250?
10
What is the highest common factor of 5 and 10?
5
What is the highest common factor of 231876 and 19?
19
What is the greatest common factor of 11121 and 99?
33
Calculate the highest common divisor of 36 and 309954.
6
What is the highest common divisor of 59291 and 281?
281
What is the highest common factor of 11319 and 165?
33
Calculate the greatest common divisor of 13153957 and 71.
71
Calculate the greatest common divisor of 3465 and 30492.
693
What is the greatest common factor of 9680 and 448910?
1210
Calculate the greatest common divisor of 4539 and 75021.
51
What is the greatest common factor of 26418 and 224?
14
Calculate the highest common divisor of 141 and 200267.
47
Calculate the greatest common factor of 869751 and 108.
27
Calculate the greatest common divisor of 137 and 883.
1
What is the highest common factor of 20 and 23165?
5
Calculate the highest common divisor of 346 and 450838.
346
Calculate the greatest common divisor of 721 and 133.
7
Calculate the greatest common divisor of 1136 and 60492.
284
What is the greatest common divisor of 1478 and 655493?
739
Calculate the greatest common divisor of 427 and 848449.
427
Calculate the highest common divisor of 126 and 1022.
14
What is the highest common factor of 234 and 31869?
9
Calculate the highest common factor of 252 and 6748.
28
What is the greatest common factor of 8091 and 29016?
279
Calculate the highest common factor of 16092 and 41904.
108
Calculate the highest common divisor of 1393 and 96913.
199
What is the greatest common factor of 467027 and 22?
11
What is the greatest common divisor of 1160 and 301310?
290
Calculate the greatest common factor of 72203 and 927.
103
What is the highest common divisor of 11775 and 175?
25
What is the highest common factor of 256 and 6721152?
128
What is the highest common factor of 41880 and 120?
120
Calculate the highest common divisor of 174063 and 102.
51
Calculate the greatest common divisor of 4895397 and 351.
351
What is the highest common factor of 65 and 1045915?
65
What is the highest common factor of 28 and 53948?
4
What is the highest common divisor of 146089 and 139?
139
Calculate the greatest common divisor of 489464 and 305.
61
What is the highest common divisor of 25616 and 64?
16
What is the highest common factor of 941 and 13?
1
Calculate the highest common factor of 168220 and 260.
260
What is the highest common divisor of 2505 and 8851?
167
Calculate the highest common divisor of 41206 and 506.
22
What is the highest common divisor of 6958 and 4900?
98
What is the greatest common divisor of 11134952 and 496?
248
What is the highest common factor of 2180 and 56900?
20
Calculate the greatest common divisor of 36 and 9552.
12
What is the greatest common factor of 300 and 65220?
60
Calculate the highest common factor of 31561 and 7141.
37
What is the highest common factor of 84 and 134184?
12
What is the highest common factor of 9744 and 18?
6
What is the greatest common factor of 89790 and 876?
438
What is the greatest common divisor of 25392 and 230?
46
What is the highest common divisor of 6644576 and 32?
32
What is the highest common factor of 725 and 16153?
29
What is the highest common divisor of 8938 and 82?
82
What is the greatest common factor of 96 and 9516?
12
What is the greatest common factor of 360 and 1391880?
120
Calculate the highest common factor of 13320 and 288.
72
Calculate the greatest common factor of 45 and 325380.
15
Calculate the greatest common divisor of 77102 and 16.
2
Calculate the highest common factor of 20086 and 352.
22
Calculate the greatest common divisor of 18122 and 28067.
221
What is the highest common divisor of 13 and 323401?
13
What is the highest common divisor of 411381 and 86?
43
What is the highest common divisor of 48 and 894864?
48
Calculate the highest common divisor of 340 and 740690.
170
What is the highest common divisor of 1826 and 286?
22
Calculate the greatest common divisor of 2263 and 66284.
73
What is the greatest common factor of 191448 and 45?
9
What is the highest common factor of 1710 and 4381875?
855
Calculate the greatest common divisor of 18156 and 884.
68
What is the greatest common divisor of 143162 and 74627?
1523
What is the greatest common divisor of 114453 and 51?
3
Calculate the highest common divisor of 155421 and 21.
21
Calculate the highest common divisor of 42784 and 4704.
224
Calculate the greatest common divisor of 6606 and 9.
9
What is the highest common factor of 4870 and 55?
5
What is the greatest common divisor of 7781217 and 2699?
2699
Calculate the highest common factor of 403 and 241273.
31
What is the highest common factor of 2776 and 216?
8
Calculate the greatest common factor of 29115 and 225.
45
What is the greatest common divisor of 142560 and 27?
27
Calculate the highest common factor of 2319 and 177017.
773
What is the greatest common factor of 458 and 32?
2
What is the highest common divisor of 25745 and 15485?
95
What is the highest common divisor of 4763 and 3399?
11
What is the highest common factor of 507 and 6357?
39
What is the greatest common factor of 52224 and 102?
102
What is